{"id":95,"date":"2014-04-27T21:49:47","date_gmt":"2014-04-27T19:49:47","guid":{"rendered":"https:\/\/www.villabrunamalcesine.com\/?page_id=95"},"modified":"2024-12-14T13:03:55","modified_gmt":"2024-12-14T12:03:55","slug":"preisliste","status":"publish","type":"page","link":"https:\/\/www.villabrunamalcesine.com\/de\/ferienwohnungen-gardasee-direkt-am-see\/preisliste\/","title":{"rendered":"Preisliste Ferienwohnungen"},"content":{"rendered":"<div class=\"simple \" style=\"background-color:#F5F5F5; color:#333333;\"><div class=\"inner-padding\">\n<p style=\"text-align: center;\"><strong>PREISTABELLE <div style=\"text-align:center;\">2026<br \/>&#8211; &#8211; &#8211;<\/div>\n<\/strong><\/p>\n\n<table class=\"custom-table\"  class=\"\">\n<thead>\n<tr>\n<th scope=\"col\" >Ferienwohnungen<\/th>\n<th scope=\"col\" >Pers.<\/th>\n<th scope=\"col\">Saison A<\/th>\n<th scope=\"col\">Saison B<\/th>\n<th scope=\"col\">Saison C<\/th>\n<\/tr>\n<tr>\n<th>&nbsp;<\/th>\n<th>&nbsp;<\/th>\n<th><p>&#8211;<br \/>\n11.04 &#8211; 09.05<br \/>\n03.10 &#8211; 31.10<\/p>\n<\/th>\n<th><p>28.03 &#8211; 11.04<br \/>\n09.05 &#8211; 20.06<br \/>\n12.09 &#8211; 03.10<\/p>\n<\/th>\n<th><p>&#8211;<br \/>\n20.06 &#8211; 12.09<br \/>\n&#8211;<\/p>\n<\/th>\n<\/tr>\n<\/thead>\n<tbody>\n<tr>\n<td>Typ 1<\/td>\n<td>2<\/td>\n<td><p>490,00<\/p>\n<\/td>\n<td><p>525,00<\/p>\n<\/td>\n<td><p>595,00<\/p>\n<\/td>\n<\/tr>\n<tr>\n<td>Typ 2<\/td>\n<td>4<\/td>\n<td><p>595,00<\/p>\n<\/td>\n<td><p>665,00<\/p>\n<\/td>\n<td><p>770,00<\/p>\n<\/td>\n<\/tr>\n<tr>\n<td>Typ 3<\/td>\n<td>5<\/td>\n<td><p>805,00<\/p>\n<\/td>\n<td><p>875,00<\/p>\n<\/td>\n<td><p>1050,00<\/p>\n<\/td>\n<\/tr>\n<tr>\n<td>Typ 4<\/td>\n<td>2<\/td>\n<td><p>455,00<\/p>\n<\/td>\n<td><p>490,00<\/p>\n<\/td>\n<td><p>560,00<\/p>\n<\/td>\n<\/tr>\n<\/tbody>\n<tfoot>\n<tr>\n<td colspan=\"5\">*Wochenpreise f\u00fcr die angegebene Kapazit\u00e4t.<br \/>\nTYP 1 und TYP 4 f\u00fcr 2er-Belegung<br \/>\nTYP 2 f\u00fcr 4er-Belegung<br \/>\nTYP 3 f\u00fcr 5er-Belegung<br \/>\n<p><strong>Person Zuschlag<\/strong><br \/>\n<strong>&#8211;TYP 2:<\/strong> 5.Person Zuschlag EUR 10.00 pro Nacht<br \/>\n<strong>&#8211;TYP 3:<\/strong> 6. und 7.Person Zuschlag von EUR 10.00 pro Nacht\/Person<\/p>\n<\/td>\n<\/tr>\n<\/tfoot>\n<\/table>\n\n<\/div><\/div>\n<h3>IM PREIS INKLUSIVE:<\/h3>\n\n<ul class=\"list-2\">\n<li>Komplett eingerichtete Wohnung, Warm \u2013 und Kaltwasser<\/li>\n<li>Badezimmer: Dusche, Bidet und WC<\/li>\n<li>SAT- TV<\/li>\n<li>Gut ausgestattete K\u00fcchenzeile mit 2- 4 Elektroherdplatten, deutscher Kaffeemaschine und gro\u00dfem K\u00fchlschrank mit Eisfach<\/li>\n<li>M\u00f6blierter Balkon\/ Terrasse mit Sonnenschirm (TYP 2 und TYP 3)<\/li>\n<li>1 Parkplatz oder Garagenplatz pro Ferienwohnung<\/li>\n<li>WLAN- Zugang<\/li>\n<li>Grillplatz mit Grill zur gemeinschaftlichen Nutzung<\/li>\n<li>Zwei Waschmaschinen zur gemeinschaftlichen Nutzung<\/li>\n<li>Abstellm\u00f6glichkeit f\u00fcr Surf- und Segelausr\u00fcstung, Motorr\u00e4der und Fahrr\u00e4der<\/li>\n<li>Privater Badesteg<\/li>\n<li>Liegewiese zur gemeinschaftlichen Nutzung mit Sonnenliegen<\/li>\n<li>Endreinigung<\/li>\n<\/ul>\n\n<div class=\"divider\"><\/div>\n<h3>NICHT IM PREIS INKLUSIVE:<\/h3>\n\n<ul class=\"list-10\">\n<li>Boje auf Anfrage<\/li>\n<li>Bettw\u00e4sche und Handt\u00fccher sind mitzubringen oder gegen eine Geb\u00fchr von EUR 15.00 pro Person vor Ort zu mieten<\/li>\n<li>Kurtaxe: Die Kurtaxe ist nicht im Preis enthalten. Diese ist vor Ort zu zahlen und betr\u00e4gt EUR 1.50 pro Person\/Tag; Kinder bis 14 Jahre zahlen keine Kurtaxe (Stand 2024)<\/li>\n<li>Heizung in der Nebensaison je nach Bedarf gegen Aufpreis von EUR 35,00 (TYP 1), EUR 49.00 (TYP2\/TYP4) bzw. EUR 70.00 (TYP3) pro Woche m\u00f6glich.<\/li>\n<\/ul>\n\n<div class=\"divider\"><\/div>\n<h3>ZAHLUNGSKONDITIONEN:<\/h3>\n\n<ul class=\"list-3\">\n<li><strong>Buchung<\/strong> Bei Fixbuchung bitten wir um eine Anzahlung per Bank\u00fcberweisung auf unser Bankkonto von:\n<ul class=\"list-3\">\n<li>EUR 100.00 bei einem Gesamtbetrag bis EUR 1.000,00<\/li>\n<li>10% vom Gesamtbetrag bei Betr\u00e4gen ab EUR 1.000,00<\/li>\n<\/ul>\n<p>Unsere Bankdaten werden Ihnen mit unserer Buchungsbest\u00e4tigung bekannt gegeben.<\/li>\n<li><strong>Bezahlung<\/strong>: Die Bezahlung erfolgt im Voraus per Bank\u00fcberweisung oder vor Ort bei Anreise. Vor Ort ist die Bezahlung mit Bargeld, oder mit Kartenzahlung m\u00f6glich.<\/li>\n<li><strong>Stornierung<\/strong>:\u00a0Im Falle einer Stornierung behalten wir uns vor, die geleistete Anzahlung einzubehalten.\n<\/li>\n<\/ul>\n\n<div class=\"divider\"><\/div>\n<h3>AN- UND ABREISE:<\/h3>\n\n<ul class=\"list-7\">\n<li><strong>Anreisetag:<\/strong>: t\u00e4gliche Anreise m\u00f6glich (nach Absprache und nach Verf\u00fcgbarkeit)<\/li>\n<li><strong>Anreisezeit:<\/strong> ab 14.00 Uhr (individuelle Absprache m\u00f6glich); Sollten Sie sp\u00e4ter als vereinbart ankommen, bitten wir Sie uns zu kontaktieren<\/li>\n<li><strong>Abreisezeit:<\/strong> bis 9.30 Uhr am Abreisetag<\/li>\n<\/ul>\n\n<div class=\"divider\"><\/div>\n<h3>SONSTIGES:<\/h3>\n\n<ul class=\"list-7\">\n<li>In unseren Ferienwohnungen ist das Rauchen nicht gestattet<\/li>\n<li>kleine Haustiere nur auf Anfrage m\u00f6glich<\/li>\n<\/ul>\n\n\n","protected":false},"excerpt":{"rendered":"PREISTABELLE 2026&#8211; &#8211; &#8211; Ferienwohnungen Pers. Saison A Saison B Saison C &nbsp; &nbsp; &#8211; 11.04 &#8211; 09.05 03.10 &#8211; 31.10 28.03 &#8211; 11.04 09.05 &#8211; 20.06 12.09 &#8211; 03.10 &#8211; 20.06 &#8211; 12.09 &#8211; Typ 1 2 490,00 525,00 595,00 Typ 2 4 595,00 665,00 770,00","protected":false},"author":1,"featured_media":0,"parent":91,"menu_order":0,"comment_status":"open","ping_status":"open","template":"page-FullWidth.php","meta":{"ngg_post_thumbnail":0,"footnotes":""},"class_list":["post-95","page","type-page","status-publish","hentry"],"yoast_head":"<!-- This site is optimized with the Yoast SEO plugin v27.5 - https:\/\/yoast.com\/product\/yoast-seo-wordpress\/ -->\n<title>Preisliste Ferienwohnungen - Villa Bruna<\/title>\n<meta name=\"robots\" content=\"index, follow, max-snippet:-1, max-image-preview:large, max-video-preview:-1\" \/>\n<link rel=\"canonical\" href=\"https:\/\/www.villabrunamalcesine.com\/de\/ferienwohnungen-gardasee-direkt-am-see\/preisliste\/\" \/>\n<meta property=\"og:locale\" content=\"de_DE\" \/>\n<meta property=\"og:type\" content=\"article\" \/>\n<meta property=\"og:title\" content=\"Preisliste Ferienwohnungen - Villa Bruna\" \/>\n<meta property=\"og:url\" content=\"https:\/\/www.villabrunamalcesine.com\/de\/ferienwohnungen-gardasee-direkt-am-see\/preisliste\/\" \/>\n<meta property=\"og:site_name\" content=\"Villa Bruna\" \/>\n<meta property=\"article:modified_time\" content=\"2024-12-14T12:03:55+00:00\" \/>\n<meta name=\"twitter:label1\" content=\"Gesch\u00e4tzte Lesezeit\" \/>\n\t<meta name=\"twitter:data1\" content=\"1\u00a0Minute\" \/>\n<script type=\"application\/ld+json\" class=\"yoast-schema-graph\">{\"@context\":\"https:\\\/\\\/schema.org\",\"@graph\":[{\"@type\":\"WebPage\",\"@id\":\"https:\\\/\\\/www.villabrunamalcesine.com\\\/de\\\/ferienwohnungen-gardasee-direkt-am-see\\\/preisliste\\\/\",\"url\":\"https:\\\/\\\/www.villabrunamalcesine.com\\\/de\\\/ferienwohnungen-gardasee-direkt-am-see\\\/preisliste\\\/\",\"name\":\"Preisliste Ferienwohnungen - Villa Bruna\",\"isPartOf\":{\"@id\":\"https:\\\/\\\/www.villabrunamalcesine.com\\\/#website\"},\"datePublished\":\"2014-04-27T19:49:47+00:00\",\"dateModified\":\"2024-12-14T12:03:55+00:00\",\"breadcrumb\":{\"@id\":\"https:\\\/\\\/www.villabrunamalcesine.com\\\/de\\\/ferienwohnungen-gardasee-direkt-am-see\\\/preisliste\\\/#breadcrumb\"},\"inLanguage\":\"de\",\"potentialAction\":[{\"@type\":\"ReadAction\",\"target\":[\"https:\\\/\\\/www.villabrunamalcesine.com\\\/de\\\/ferienwohnungen-gardasee-direkt-am-see\\\/preisliste\\\/\"]}]},{\"@type\":\"BreadcrumbList\",\"@id\":\"https:\\\/\\\/www.villabrunamalcesine.com\\\/de\\\/ferienwohnungen-gardasee-direkt-am-see\\\/preisliste\\\/#breadcrumb\",\"itemListElement\":[{\"@type\":\"ListItem\",\"position\":1,\"name\":\"Home\",\"item\":\"https:\\\/\\\/www.villabrunamalcesine.com\\\/de\\\/\"},{\"@type\":\"ListItem\",\"position\":2,\"name\":\"Ferienwohnungen Gardasee Direkt am See\",\"item\":\"https:\\\/\\\/www.villabrunamalcesine.com\\\/de\\\/ferienwohnungen-gardasee-direkt-am-see\\\/\"},{\"@type\":\"ListItem\",\"position\":3,\"name\":\"Preisliste Ferienwohnungen\"}]},{\"@type\":\"WebSite\",\"@id\":\"https:\\\/\\\/www.villabrunamalcesine.com\\\/#website\",\"url\":\"https:\\\/\\\/www.villabrunamalcesine.com\\\/\",\"name\":\"Villa Bruna\",\"description\":\"\",\"potentialAction\":[{\"@type\":\"SearchAction\",\"target\":{\"@type\":\"EntryPoint\",\"urlTemplate\":\"https:\\\/\\\/www.villabrunamalcesine.com\\\/?s={search_term_string}\"},\"query-input\":{\"@type\":\"PropertyValueSpecification\",\"valueRequired\":true,\"valueName\":\"search_term_string\"}}],\"inLanguage\":\"de\"}]}<\/script>\n<!-- \/ Yoast SEO plugin. -->","yoast_head_json":{"title":"Preisliste Ferienwohnungen - Villa Bruna","robots":{"index":"index","follow":"follow","max-snippet":"max-snippet:-1","max-image-preview":"max-image-preview:large","max-video-preview":"max-video-preview:-1"},"canonical":"https:\/\/www.villabrunamalcesine.com\/de\/ferienwohnungen-gardasee-direkt-am-see\/preisliste\/","og_locale":"de_DE","og_type":"article","og_title":"Preisliste Ferienwohnungen - Villa Bruna","og_url":"https:\/\/www.villabrunamalcesine.com\/de\/ferienwohnungen-gardasee-direkt-am-see\/preisliste\/","og_site_name":"Villa Bruna","article_modified_time":"2024-12-14T12:03:55+00:00","twitter_misc":{"Gesch\u00e4tzte Lesezeit":"1\u00a0Minute"},"schema":{"@context":"https:\/\/schema.org","@graph":[{"@type":"WebPage","@id":"https:\/\/www.villabrunamalcesine.com\/de\/ferienwohnungen-gardasee-direkt-am-see\/preisliste\/","url":"https:\/\/www.villabrunamalcesine.com\/de\/ferienwohnungen-gardasee-direkt-am-see\/preisliste\/","name":"Preisliste Ferienwohnungen - Villa Bruna","isPartOf":{"@id":"https:\/\/www.villabrunamalcesine.com\/#website"},"datePublished":"2014-04-27T19:49:47+00:00","dateModified":"2024-12-14T12:03:55+00:00","breadcrumb":{"@id":"https:\/\/www.villabrunamalcesine.com\/de\/ferienwohnungen-gardasee-direkt-am-see\/preisliste\/#breadcrumb"},"inLanguage":"de","potentialAction":[{"@type":"ReadAction","target":["https:\/\/www.villabrunamalcesine.com\/de\/ferienwohnungen-gardasee-direkt-am-see\/preisliste\/"]}]},{"@type":"BreadcrumbList","@id":"https:\/\/www.villabrunamalcesine.com\/de\/ferienwohnungen-gardasee-direkt-am-see\/preisliste\/#breadcrumb","itemListElement":[{"@type":"ListItem","position":1,"name":"Home","item":"https:\/\/www.villabrunamalcesine.com\/de\/"},{"@type":"ListItem","position":2,"name":"Ferienwohnungen Gardasee Direkt am See","item":"https:\/\/www.villabrunamalcesine.com\/de\/ferienwohnungen-gardasee-direkt-am-see\/"},{"@type":"ListItem","position":3,"name":"Preisliste Ferienwohnungen"}]},{"@type":"WebSite","@id":"https:\/\/www.villabrunamalcesine.com\/#website","url":"https:\/\/www.villabrunamalcesine.com\/","name":"Villa Bruna","description":"","potentialAction":[{"@type":"SearchAction","target":{"@type":"EntryPoint","urlTemplate":"https:\/\/www.villabrunamalcesine.com\/?s={search_term_string}"},"query-input":{"@type":"PropertyValueSpecification","valueRequired":true,"valueName":"search_term_string"}}],"inLanguage":"de"}]}},"_links":{"self":[{"href":"https:\/\/www.villabrunamalcesine.com\/de\/wp-json\/wp\/v2\/pages\/95","targetHints":{"allow":["GET"]}}],"collection":[{"href":"https:\/\/www.villabrunamalcesine.com\/de\/wp-json\/wp\/v2\/pages"}],"about":[{"href":"https:\/\/www.villabrunamalcesine.com\/de\/wp-json\/wp\/v2\/types\/page"}],"author":[{"embeddable":true,"href":"https:\/\/www.villabrunamalcesine.com\/de\/wp-json\/wp\/v2\/users\/1"}],"replies":[{"embeddable":true,"href":"https:\/\/www.villabrunamalcesine.com\/de\/wp-json\/wp\/v2\/comments?post=95"}],"version-history":[{"count":29,"href":"https:\/\/www.villabrunamalcesine.com\/de\/wp-json\/wp\/v2\/pages\/95\/revisions"}],"predecessor-version":[{"id":1866,"href":"https:\/\/www.villabrunamalcesine.com\/de\/wp-json\/wp\/v2\/pages\/95\/revisions\/1866"}],"up":[{"embeddable":true,"href":"https:\/\/www.villabrunamalcesine.com\/de\/wp-json\/wp\/v2\/pages\/91"}],"wp:attachment":[{"href":"https:\/\/www.villabrunamalcesine.com\/de\/wp-json\/wp\/v2\/media?parent=95"}],"curies":[{"name":"wp","href":"https:\/\/api.w.org\/{rel}","templated":true}]}}

<div class="simple " style="background-color:#F5F5F5; color:#333333;"><div class="inner-padding">
<p style="text-align: center;"><strong>PREISTABELLE <div style="text-align:center;">2026<br />&#8211; &#8211; &#8211;</div>
</strong></p>

<table class="custom-table"  class="">
<thead>
<tr>
<th scope="col" >Ferienwohnungen</th>
<th scope="col" >Pers.</th>
<th scope="col">Saison A</th>
<th scope="col">Saison B</th>
<th scope="col">Saison C</th>
</tr>
<tr>
<th>&nbsp;</th>
<th>&nbsp;</th>
<th><p>&#8211;<br />
11.04 &#8211; 09.05<br />
03.10 &#8211; 31.10</p>
</th>
<th><p>28.03 &#8211; 11.04<br />
09.05 &#8211; 20.06<br />
12.09 &#8211; 03.10</p>
</th>
<th><p>&#8211;<br />
20.06 &#8211; 12.09<br />
&#8211;</p>
</th>
</tr>
</thead>
<tbody>
<tr>
<td>Typ 1</td>
<td>2</td>
<td><p>490,00</p>
</td>
<td><p>525,00</p>
</td>
<td><p>595,00</p>
</td>
</tr>
<tr>
<td>Typ 2</td>
<td>4</td>
<td><p>595,00</p>
</td>
<td><p>665,00</p>
</td>
<td><p>770,00</p>
</td>
</tr>
<tr>
<td>Typ 3</td>
<td>5</td>
<td><p>805,00</p>
</td>
<td><p>875,00</p>
</td>
<td><p>1050,00</p>
</td>
</tr>
<tr>
<td>Typ 4</td>
<td>2</td>
<td><p>455,00</p>
</td>
<td><p>490,00</p>
</td>
<td><p>560,00</p>
</td>
</tr>
</tbody>
<tfoot>
<tr>
<td colspan="5">*Wochenpreise für die angegebene Kapazität.<br />
TYP 1 und TYP 4 für 2er-Belegung<br />
TYP 2 für 4er-Belegung<br />
TYP 3 für 5er-Belegung<br />
<p><strong>Person Zuschlag</strong><br />
<strong>&#8211;TYP 2:</strong> 5.Person Zuschlag EUR 10.00 pro Nacht<br />
<strong>&#8211;TYP 3:</strong> 6. und 7.Person Zuschlag von EUR 10.00 pro Nacht/Person</p>
</td>
</tr>
</tfoot>
</table>

</div></div>
<h3>IM PREIS INKLUSIVE:</h3>

<ul class="list-2">
<li>Komplett eingerichtete Wohnung, Warm – und Kaltwasser</li>
<li>Badezimmer: Dusche, Bidet und WC</li>
<li>SAT- TV</li>
<li>Gut ausgestattete Küchenzeile mit 2- 4 Elektroherdplatten, deutscher Kaffeemaschine und großem Kühlschrank mit Eisfach</li>
<li>Möblierter Balkon/ Terrasse mit Sonnenschirm (TYP 2 und TYP 3)</li>
<li>1 Parkplatz oder Garagenplatz pro Ferienwohnung</li>
<li>WLAN- Zugang</li>
<li>Grillplatz mit Grill zur gemeinschaftlichen Nutzung</li>
<li>Zwei Waschmaschinen zur gemeinschaftlichen Nutzung</li>
<li>Abstellmöglichkeit für Surf- und Segelausrüstung, Motorräder und Fahrräder</li>
<li>Privater Badesteg</li>
<li>Liegewiese zur gemeinschaftlichen Nutzung mit Sonnenliegen</li>
<li>Endreinigung</li>
</ul>

<div class="divider"></div>
<h3>NICHT IM PREIS INKLUSIVE:</h3>

<ul class="list-10">
<li>Boje auf Anfrage</li>
<li>Bettwäsche und Handtücher sind mitzubringen oder gegen eine Gebühr von EUR 15.00 pro Person vor Ort zu mieten</li>
<li>Kurtaxe: Die Kurtaxe ist nicht im Preis enthalten. Diese ist vor Ort zu zahlen und beträgt EUR 1.50 pro Person/Tag; Kinder bis 14 Jahre zahlen keine Kurtaxe (Stand 2024)</li>
<li>Heizung in der Nebensaison je nach Bedarf gegen Aufpreis von EUR 35,00 (TYP 1), EUR 49.00 (TYP2/TYP4) bzw. EUR 70.00 (TYP3) pro Woche möglich.</li>
</ul>

<div class="divider"></div>
<h3>ZAHLUNGSKONDITIONEN:</h3>

<ul class="list-3">
<li><strong>Buchung</strong> Bei Fixbuchung bitten wir um eine Anzahlung per Banküberweisung auf unser Bankkonto von:
<ul class="list-3">
<li>EUR 100.00 bei einem Gesamtbetrag bis EUR 1.000,00</li>
<li>10% vom Gesamtbetrag bei Beträgen ab EUR 1.000,00</li>
</ul>
<p>Unsere Bankdaten werden Ihnen mit unserer Buchungsbestätigung bekannt gegeben.</li>
<li><strong>Bezahlung</strong>: Die Bezahlung erfolgt im Voraus per Banküberweisung oder vor Ort bei Anreise. Vor Ort ist die Bezahlung mit Bargeld, oder mit Kartenzahlung möglich.</li>
<li><strong>Stornierung</strong>: Im Falle einer Stornierung behalten wir uns vor, die geleistete Anzahlung einzubehalten.
</li>
</ul>

<div class="divider"></div>
<h3>AN- UND ABREISE:</h3>

<ul class="list-7">
<li><strong>Anreisetag:</strong>: tägliche Anreise möglich (nach Absprache und nach Verfügbarkeit)</li>
<li><strong>Anreisezeit:</strong> ab 14.00 Uhr (individuelle Absprache möglich); Sollten Sie später als vereinbart ankommen, bitten wir Sie uns zu kontaktieren</li>
<li><strong>Abreisezeit:</strong> bis 9.30 Uhr am Abreisetag</li>
</ul>

<div class="divider"></div>
<h3>SONSTIGES:</h3>

<ul class="list-7">
<li>In unseren Ferienwohnungen ist das Rauchen nicht gestattet</li>
<li>kleine Haustiere nur auf Anfrage möglich</li>
</ul>

<!-- This site is optimized with the Yoast SEO plugin v27.5 - https://yoast.com/product/yoast-seo-wordpress/ -->
<title>Preisliste Ferienwohnungen - Villa Bruna</title>
<meta name="robots" content="index, follow, max-snippet:-1, max-image-preview:large, max-video-preview:-1" />
<link rel="canonical" href="https://www.villabrunamalcesine.com/de/ferienwohnungen-gardasee-direkt-am-see/preisliste/" />
<meta property="og:locale" content="de_DE" />
<meta property="og:type" content="article" />
<meta property="og:title" content="Preisliste Ferienwohnungen - Villa Bruna" />
<meta property="og:url" content="https://www.villabrunamalcesine.com/de/ferienwohnungen-gardasee-direkt-am-see/preisliste/" />
<meta property="og:site_name" content="Villa Bruna" />
<meta property="article:modified_time" content="2024-12-14T12:03:55+00:00" />
<meta name="twitter:label1" content="Geschätzte Lesezeit" />
	<meta name="twitter:data1" content="1 Minute" />
<script type="application/ld+json" class="yoast-schema-graph">{"@context":"https:\/\/schema.org","@graph":[{"@type":"WebPage","@id":"https:\/\/www.villabrunamalcesine.com\/de\/ferienwohnungen-gardasee-direkt-am-see\/preisliste\/","url":"https:\/\/www.villabrunamalcesine.com\/de\/ferienwohnungen-gardasee-direkt-am-see\/preisliste\/","name":"Preisliste Ferienwohnungen - Villa Bruna","isPartOf":{"@id":"https:\/\/www.villabrunamalcesine.com\/#website"},"datePublished":"2014-04-27T19:49:47+00:00","dateModified":"2024-12-14T12:03:55+00:00","breadcrumb":{"@id":"https:\/\/www.villabrunamalcesine.com\/de\/ferienwohnungen-gardasee-direkt-am-see\/preisliste\/#breadcrumb"},"inLanguage":"de","potentialAction":[{"@type":"ReadAction","target":["https:\/\/www.villabrunamalcesine.com\/de\/ferienwohnungen-gardasee-direkt-am-see\/preisliste\/"]}]},{"@type":"BreadcrumbList","@id":"https:\/\/www.villabrunamalcesine.com\/de\/ferienwohnungen-gardasee-direkt-am-see\/preisliste\/#breadcrumb","itemListElement":[{"@type":"ListItem","position":1,"name":"Home","item":"https:\/\/www.villabrunamalcesine.com\/de\/"},{"@type":"ListItem","position":2,"name":"Ferienwohnungen Gardasee Direkt am See","item":"https:\/\/www.villabrunamalcesine.com\/de\/ferienwohnungen-gardasee-direkt-am-see\/"},{"@type":"ListItem","position":3,"name":"Preisliste Ferienwohnungen"}]},{"@type":"WebSite","@id":"https:\/\/www.villabrunamalcesine.com\/#website","url":"https:\/\/www.villabrunamalcesine.com\/","name":"Villa Bruna","description":"","potentialAction":[{"@type":"SearchAction","target":{"@type":"EntryPoint","urlTemplate":"https:\/\/www.villabrunamalcesine.com\/?s={search_term_string}"},"query-input":{"@type":"PropertyValueSpecification","valueRequired":true,"valueName":"search_term_string"}}],"inLanguage":"de"}]}</script>
<!-- / Yoast SEO plugin. -->
